{"id":5599,"date":"2025-07-31T17:39:19","date_gmt":"2025-07-31T17:39:19","guid":{"rendered":"https:\/\/rootartgallery.com\/?post_type=product&#038;p=5599"},"modified":"2026-03-27T18:25:53","modified_gmt":"2026-03-27T18:25:53","slug":"a-nossa-terra-i","status":"publish","type":"product","link":"https:\/\/rootartgallery.com\/?product=a-nossa-terra-i","title":{"rendered":"A NOSSA TERRA I"},"content":{"rendered":"<p style=\"font-weight: 400; text-align: left;\"><strong><span style=\"vertical-align: inherit;\">T\u00edtulo:<\/span><\/strong><span style=\"vertical-align: inherit;\"> A NOSSA TERRA I<\/span><\/p>\n<p style=\"text-align: left;\"><strong><span style=\"vertical-align: inherit;\">Ref.:<\/span><\/strong><span style=\"vertical-align: inherit;\"> 525<\/span><\/p>\n<p style=\"font-weight: 400; text-align: left;\"><strong><span style=\"vertical-align: inherit;\">Autora:<\/span><\/strong><span style=\"vertical-align: inherit;\"> CELESTE GAMEIRO<\/span><\/p>\n<p style=\"font-weight: 400; text-align: left;\"><strong><span style=\"vertical-align: inherit;\">T\u00e9cnica:<\/span><\/strong><span style=\"vertical-align: inherit;\"> ACR\u00cdLICO SOBRE TELA)<\/span><\/p>\n<p style=\"font-weight: 400; text-align: left;\"><strong><span style=\"vertical-align: inherit;\">Dimens\u00e3o da tela (alt. x grande):<\/span><\/strong><span style=\"vertical-align: inherit;\"> 120 x 80 cm<\/span><\/p>\n<p><strong><span style=\"vertical-align: inherit;\">Espessura da tela:<\/span><\/strong><span style=\"vertical-align: inherit;\">\u00a0 \u00a04 cm<\/span><\/p>\n<p><strong>Ano de cria\u00e7\u00e3o:<\/strong> 2025<\/p>\n<p><a href=\"https:\/\/www.instagram.com\/reel\/DMx2sxMITbq\/\" target=\"_blank\" rel=\"noopener\">https:\/\/www.instagram.com\/reel\/DMx2sxMITbq\/stagram<\/a><\/p>\n","protected":false},"excerpt":{"rendered":"<p>T\u00edtulo: A NOSSA TERRA I Ref.: 525 Autora: CELESTE GAMEIRO T\u00e9cnica: ACR\u00cdLICO SOBRE TELA) Dimens\u00e3o da tela (alt. x grande): 120 x 80 cm Espessura da tela:\u00a0 \u00a04 cm Ano de cria\u00e7\u00e3o: 2025 https:\/\/www.instagram.com\/reel\/DMx2sxMITbq\/stagram<\/p>\n","protected":false},"featured_media":7005,"template":"","meta":{"postBodyCss":"","postBodyMargin":[],"postBodyPadding":[],"postBodyBackground":{"backgroundType":"classic","gradient":""},"site-sidebar-layout":"default","site-content-layout":"","ast-site-content-layout":"default","site-content-style":"default","site-sidebar-style":"default","ast-global-header-display":"","ast-banner-title-visibility":"","ast-main-header-display":"","ast-hfb-above-header-display":"","ast-hfb-below-header-display":"","ast-hfb-mobile-header-display":"","site-post-title":"","ast-breadcrumbs-content":"","ast-featured-img":"","footer-sml-layout":"","ast-disable-related-posts":"","theme-transparent-header-meta":"default","adv-header-id-meta":"","stick-header-meta":"","header-above-stick-meta":"","header-main-stick-meta":"","header-below-stick-meta":"","astra-migrate-meta-layouts":"set","ast-page-background-enabled":"default","ast-page-background-meta":{"desktop":{"background-color":"var(--ast-global-color-4)","background-image":"","background-repeat":"repeat","background-position":"center center","background-size":"auto","background-attachment":"scroll","background-type":"","background-media":"","overlay-type":"","overlay-color":"","overlay-opacity":"","overlay-gradient":""},"tablet":{"background-color":"","background-image":"","background-repeat":"repeat","background-position":"center center","background-size":"auto","background-attachment":"scroll","background-type":"","background-media":"","overlay-type":"","overlay-color":"","overlay-opacity":"","overlay-gradient":""},"mobile":{"background-color":"","background-image":"","background-repeat":"repeat","background-position":"center center","background-size":"auto","background-attachment":"scroll","background-type":"","background-media":"","overlay-type":"","overlay-color":"","overlay-opacity":"","overlay-gradient":""}},"ast-content-background-meta":{"desktop":{"background-color":"var(--ast-global-color-5)","background-image":"","background-repeat":"repeat","background-position":"center center","background-size":"auto","background-attachment":"scroll","background-type":"","background-media":"","overlay-type":"","overlay-color":"","overlay-opacity":"","overlay-gradient":""},"tablet":{"background-color":"var(--ast-global-color-5)","background-image":"","background-repeat":"repeat","background-position":"center center","background-size":"auto","background-attachment":"scroll","background-type":"","background-media":"","overlay-type":"","overlay-color":"","overlay-opacity":"","overlay-gradient":""},"mobile":{"background-color":"var(--ast-global-color-5)","background-image":"","background-repeat":"repeat","background-position":"center center","background-size":"auto","background-attachment":"scroll","background-type":"","background-media":"","overlay-type":"","overlay-color":"","overlay-opacity":"","overlay-gradient":""}}},"product_brand":[],"product_cat":[31,76],"product_tag":[],"class_list":{"0":"post-5599","1":"product","2":"type-product","3":"status-publish","4":"has-post-thumbnail","6":"product_cat-celeste-gameiro","7":"product_cat-novidades","8":"desktop-align-left","9":"tablet-align-left","10":"mobile-align-left","12":"first","13":"instock","14":"featured","15":"sold-individually","16":"taxable","17":"shipping-taxable","18":"purchasable","19":"product-type-simple"},"jetpack_sharing_enabled":true,"_links":{"self":[{"href":"https:\/\/rootartgallery.com\/index.php?rest_route=\/wp\/v2\/product\/5599","targetHints":{"allow":["GET"]}}],"collection":[{"href":"https:\/\/rootartgallery.com\/index.php?rest_route=\/wp\/v2\/product"}],"about":[{"href":"https:\/\/rootartgallery.com\/index.php?rest_route=\/wp\/v2\/types\/product"}],"version-history":[{"count":5,"href":"https:\/\/rootartgallery.com\/index.php?rest_route=\/wp\/v2\/product\/5599\/revisions"}],"predecessor-version":[{"id":5618,"href":"https:\/\/rootartgallery.com\/index.php?rest_route=\/wp\/v2\/product\/5599\/revisions\/5618"}],"wp:featuredmedia":[{"embeddable":true,"href":"https:\/\/rootartgallery.com\/index.php?rest_route=\/wp\/v2\/media\/7005"}],"wp:attachment":[{"href":"https:\/\/rootartgallery.com\/index.php?rest_route=%2Fwp%2Fv2%2Fmedia&parent=5599"}],"wp:term":[{"taxonomy":"product_brand","embeddable":true,"href":"https:\/\/rootartgallery.com\/index.php?rest_route=%2Fwp%2Fv2%2Fproduct_brand&post=5599"},{"taxonomy":"product_cat","embeddable":true,"href":"https:\/\/rootartgallery.com\/index.php?rest_route=%2Fwp%2Fv2%2Fproduct_cat&post=5599"},{"taxonomy":"product_tag","embeddable":true,"href":"https:\/\/rootartgallery.com\/index.php?rest_route=%2Fwp%2Fv2%2Fproduct_tag&post=5599"}],"curies":[{"name":"wp","href":"https:\/\/api.w.org\/{rel}","templated":true}]}}